{"id":41,"date":"2018-09-17T13:20:09","date_gmt":"2018-09-17T13:20:09","guid":{"rendered":"https:\/\/materials-theory.physics.uu.se\/black-schaffer\/?page_id=41"},"modified":"2026-04-17T14:43:00","modified_gmt":"2026-04-17T14:43:00","slug":"contact","status":"publish","type":"page","link":"https:\/\/materials-theory.physics.uu.se\/black-schaffer\/index.php\/home\/contact\/","title":{"rendered":"Contact"},"content":{"rendered":"<h3>Postal address<\/h3>\n<p>Department of Physics and Astronomy<br \/>\nUppsala University<br \/>\nBox 516<br \/>\nSE-751 20 Uppsala<br \/>\nSWEDEN<\/p>\n<h3><\/h3>\n<h3>Visit us<\/h3>\n<p>\u00c5ngstr\u00f6m Laboratory<br \/>\nRegementsv\u00e4gen 10<br \/>\nUppsala<\/p>\n<h3><\/h3>\n<h3>Group leader<\/h3>\n<p>Office: \u00c5ngstr\u00f6m Laboratory,\u00a0\u00a0Room 93426<br \/>\nEmail: annica.black-schaffer[at]physics.uu.se<br \/>\nOffice\/cell: +46 76 795 06 49<\/p>\n","protected":false},"excerpt":{"rendered":"<p>Postal address Department of Physics and Astronomy Uppsala University Box 516 SE-751 20 Uppsala SWEDEN Visit us \u00c5ngstr\u00f6m Laboratory Regementsv\u00e4gen 10 Uppsala Group leader Office: \u00c5ngstr\u00f6m Laboratory,\u00a0\u00a0Room 93426 Email: annica.black-schaffer[at]physics.uu.se Office\/cell: +46 76 795 06 49<\/p>\n","protected":false},"author":1,"featured_media":0,"parent":34,"menu_order":0,"comment_status":"closed","ping_status":"closed","template":"","meta":{"footnotes":""},"class_list":["post-41","page","type-page","status-publish","hentry"],"_links":{"self":[{"href":"https:\/\/materials-theory.physics.uu.se\/black-schaffer\/index.php\/wp-json\/wp\/v2\/pages\/41"}],"collection":[{"href":"https:\/\/materials-theory.physics.uu.se\/black-schaffer\/index.php\/wp-json\/wp\/v2\/pages"}],"about":[{"href":"https:\/\/materials-theory.physics.uu.se\/black-schaffer\/index.php\/wp-json\/wp\/v2\/types\/page"}],"author":[{"embeddable":true,"href":"https:\/\/materials-theory.physics.uu.se\/black-schaffer\/index.php\/wp-json\/wp\/v2\/users\/1"}],"replies":[{"embeddable":true,"href":"https:\/\/materials-theory.physics.uu.se\/black-schaffer\/index.php\/wp-json\/wp\/v2\/comments?post=41"}],"version-history":[{"count":18,"href":"https:\/\/materials-theory.physics.uu.se\/black-schaffer\/index.php\/wp-json\/wp\/v2\/pages\/41\/revisions"}],"predecessor-version":[{"id":1449,"href":"https:\/\/materials-theory.physics.uu.se\/black-schaffer\/index.php\/wp-json\/wp\/v2\/pages\/41\/revisions\/1449"}],"up":[{"embeddable":true,"href":"https:\/\/materials-theory.physics.uu.se\/black-schaffer\/index.php\/wp-json\/wp\/v2\/pages\/34"}],"wp:attachment":[{"href":"https:\/\/materials-theory.physics.uu.se\/black-schaffer\/index.php\/wp-json\/wp\/v2\/media?parent=41"}],"curies":[{"name":"wp","href":"https:\/\/api.w.org\/{rel}","templated":true}]}}